tens digit of (-112)/(-8)*36/14?
3
Let j(i) = 2*i**3 + 5*i**2 - i - 4. Let m be j(3). Suppose 0 = -5*x + m - 17. What is the tens digit of x?
1
Suppose -2*a - 3*w + 71 = -8, -4*a - 4*w + 148 = 0. What is the units digit of a?
2
Let i(f) = f**3 - 6*f**2 + f - 6. Suppose -4*u + 11 = -3*v - 7, 3*v - 24 = -3*u. Let b be i(u). Suppose 7*r - 4*r - 3 = b. What is the units digit of r?
1
Let s(q) = -q + 4. Let c(x) = -x**2 - 9*x + 5. Let v be c(-9). Suppose 0 = -a - h - 7, -v*a + 5*h - 7 = 3*h. What is the units digit of s(a)?
7
Let p(y) = 35*y - 1. What is the tens digit of p(1)?
3
Let m be -9*1*2/6. Let x be 22/(-4) + m/(-2). What is the units digit of 6/(x - -1) + 15?
3
Suppose -16 = -2*v + 2*b, 0 = -v - 3*v - 5*b + 5. Suppose 221 = v*p + 56. What is the units digit of p?
3
Let i = 17 + -28. Let o = 48 + i. What is the units digit of o?
7
Let u = -15 - -91. What is the tens digit of u?
7
What is the units digit of 201/6 + 6/4?
5
Let l(j) = 5*j**2 - 3. What is the units digit of l(-3)?
2
Let i = 31 + 6. What is the units digit of i?
7
Let v = 30 + -18. Let r(c) = c - 2. Let g be r(-3). Let t = v + g. What is the units digit of t?
7
Let q = -29 - -66. What is the tens digit of q?
3
Let l = 25 - 20. Suppose -d + 2*v = -40, -l*v + 107 = 5*d - 18. What is the units digit of d?
0
Let k(l) = 7*l - 21. What is the tens digit of k(13)?
7
Let c(k) = 78*k**3 - k**2 + 1. What is the tens digit of c(1)?
7
Suppose 0 = 5*m + 4*r - 590, -4*r + 7*r = -2*m + 236. What is the tens digit of m?
1
Let m(g) = g**2 - 3. What is the tens digit of m(5)?
2
Let d(k) = -k**2 + 15*k - 6. Let x be d(6). What is the tens digit of x/14*(-42)/(-4)?
3
Suppose 7 + 1 = 2*z. Let n(t) = 4*t**2 + 8*t + 4. Let r be n(-3). Suppose -3*q - r = -8*q + m, 3*q - 5 = -z*m. What is the units digit of q?
3
Suppose 0 = -2*d + 4*d - 8. What is the units digit of d?
4
Let v = -8 - -13. Suppose v*x - 36 - 9 = 0. Suppose -2*z - 12 = -6*z + 5*b, 3*z = -4*b + x. What is the units digit of z?
3
Suppose 26 = 4*j + 2*a, 28 = 4*j + 4*a - 4. Suppose -43 = -j*f + 52. What is the tens digit of f?
1
Let s = 2 + -2. Let f = -20 + 31. What is the units digit of (0 - -1) + (f - s)?
2
Suppose -2*h - 6 = 2. Let s = 8 - h. What is the tens digit of s?
1
Suppose 2*x - 65 = 21. What is the units digit of x?
3
Suppose -12 = 5*a + s + 2*s, 4 = 5*a - s. Suppose a = 2*y - 39 + 5. Suppose -4*b = -51 - y. What is the tens digit of b?
1
Let a(r) be the first derivative of -2*r**2 - 7*r - 1. What is the units digit of a(-4)?
9
Suppose -l = -176 + 57. What is the units digit of l?
9
Let n = -1 - 3. Let o = 6 + n. What is the units digit of o?
2
Suppose 1398 = 7*z + 243. What is the tens digit of z?
6
Let c(q) = q**3 + 11*q**2 - 2*q + 27. What is the units digit of c(-11)?
9
Suppose -6*g = -g - 25. Suppose 2*f - 70 + 10 = g*r, 0 = 3*r. What is the tens digit of f?
3
Let z be 4/(-18) - (-87)/27. Suppose -z*v + 67 = -5*i, v = -4*v + 3*i + 85. Let h = 20 - v. What is the units digit of h?
6
Suppose -5*c + 767 = 4*x, 0 = -0*x + 2*x + c - 379. What is the hundreds digit of x?
1
Suppose 4*q - 3*r = 268, 3*q + r = -2*q + 335. What is the tens digit of q?
6
Let r(t) = -3*t**2 - 2*t + 2. Let y be r(-5). Let d = y - -113. Suppose -o = -5, 5*c + 2*o = -3*o + d. What is the units digit of c?
5
Suppose -3*s = 4*b - 149, 2*s + 0 + 2 = 0. What is the tens digit of b?
3
Suppose -3*s + 100 = -107. What is the units digit of s?
9
Let p(f) = f**2 + 4*f + 4. Let m be p(-3). Suppose -2*b + m = -3. Suppose 3*i - 3*k = 21, 2*i + 21 = 5*i - b*k. What is the units digit of i?
7
Let a(w) = w**3 - 4*w**2 + 4. Let j be a(4). Let m = j - -9. What is the tens digit of m?
1
Suppose 2*p - 5*m = 217 + 48, 3*p - 402 = 3*m. What is the hundreds digit of p?
1
Let p = 53 + -44. What is the units digit of p?
9
What is the tens digit of (13*-5)/(-1) + -2?
6
Suppose 0 = 5*n - 2*h - 47, 3*h = 4*n - 2*h - 41. What is the units digit of n?
9
Let s = 3 - 12. Let l = -5 - s. Suppose 5*p - 3 = 2*v + 8, 0 = -2*v + l*p - 6. What is the units digit of v?
7
Let u be (-1)/((-1)/4*2). Suppose 0*w + 4 = n - 3*w, 0 = -2*n + u*w - 8. What is the units digit of (3/4)/((-1)/n)?
6
Suppose 0 = -0*b + 2*b - 4. Suppose -4*a + 6*j = j - 7, b*a + 2*j - 8 = 0. Suppose 0*q = -a*q - 9, d = -q + 8. What is the units digit of d?
1
Suppose -5 + 2 = -k. Let c(s) = -s**3 + 5*s**2 - s. What is the tens digit of c(k)?
1
Suppose 0 = -3*y - 5*i + 95, 6*i = 3*y + 2*i - 140. What is the units digit of y?
0
Let v(n) = 13*n**3 + 3*n**2 - 5*n + 3. What is the tens digit of v(1)?
1
Suppose -3*i + 35 = 2*f - 0*i, f - 13 = 3*i. What is the tens digit of f?
1
Let q(x) = x**3 + 1. Let g(s) = -10*s**3 + 2*s + 1. Let w(j) = -g(j) + 2*q(j). What is the tens digit of w(1)?
1
Let r = 1 + 22. What is the units digit of r?
3
Let a = 8 - 4. Let w be a + (2 - 2 - -2). Let x = w + 0. What is the units digit of x?
6
Let p(z) = -z**2 + 16*z - 7. Let q = 39 - 27. What is the units digit of p(q)?
1
What is the units digit of -26*2/((-2)/1)?
6
Let m = 158 - 95. What is the tens digit of m?
6
Let y(v) = -v**3 - v**2 - v + 2. Suppose n - j = 0, j = 4*n - 4*j. What is the units digit of y(n)?
2
Let x(b) = -4 - 3*b + 5*b + b**2 - 3*b. Let m be x(3). Suppose 5*j + f = 12, -m*f + 6 = -2*j - 6*f. What is the units digit of j?
3
Let x(z) = 2*z + 12. Let u(t) = 2*t + 4. Let g be u(-2). What is the units digit of x(g)?
2
Let s(q) = 2*q**2 - 8*q + 5. Let j be s(7). Suppose -w = 3*w - 5*c - j, -1 = -c. What is the tens digit of w?
1
Let k = 192 + -137. What is the units digit of k?
5
What is the units digit of (-11)/9 + 26/117 - -257?
6
Let c = 69 - 109. Let i = c + 56. What is the tens digit of i?
1
Let m = -15 - -24. What is the units digit of m?
9
Let g be 28/6 + 6/(-9). Suppose 36 = g*q - 0*q. What is the units digit of q?
9
Let z(r) be the second derivative of 4*r**3/3 - r**2/2 - r. Let l = 0 + 1. What is the units digit of z(l)?
7
What is the hundreds digit of (104/16)/((-1)/(-22))?
1
Suppose -5*g - 3*z - 2*z = -10, 0 = 5*g - 5*z - 50. Suppose f - 2*f = g. What is the tens digit of (-120)/(-18)*f/(-4)?
1
Let m(t) = t**2 + 7*t + 1. Let j be -5 + (-2 - -4)*-1. Let d be m(j). Let f = d - -2. What is the units digit of f?
3
Let d(a) = -a + 2. Let c be d(-2). Suppose c*v - 64 = -0*v. What is the tens digit of v?
1
Let v(x) = 16*x - 2. Let a be v(2). Suppose -3*u - a = -5*u. What is the tens digit of u?
1
Let j(u) = -u**2 + 7*u. Let q be j(7). Suppose -a + 4 = -q, 4*a - 46 = -5*x. Let w = x - -6. What is the tens digit of w?
1
Suppose -5*x = -4*w + 1, -5*w = 5*x + 1 - 36. Suppose 16 = -c + 2*d, x*d = 7*c - 2*c + 80. Let j = c - -31. What is the units digit of j?
5
Let s be (-6)/(-9) + (-10)/(-3). Suppose -3*v + 2 = -s*v. What is the tens digit of v/(-4) - 29/(-2)?
1
What is the units digit of 40 - (0 - (2 - 4))?
8
Let t = 2 + 5. Let p = 11 - t. What is the units digit of p?
4
Let g = 13 + 162. What is the tens digit of g?
7
Let l = 1 - -3. Suppose 2*c - 12 = -l*a + 6, 0 = a - 2*c + 3. Suppose 3*i - 21 = -a*x, -5*x + 3*x + 35 = -5*i. What is the tens digit of x?
1
Suppose 7 = 4*t - 1. What is the units digit of t?
2
Let j(d) = -4*d**2 + d. Let y be j(1). Let g = 6 + y. Suppose -8*p + g*p - 5*t = -25, 2 = t. What is the units digit of p?
3
Let j = 38 - -85. What is the tens digit of j?
2
Let g(r) = -3*r**2 - 3*r. Let d be g(-2). Let p be 23/2 - (-3)/d. Let q = p + -5. What is the units digit of q?
6
Suppose -7*i + 42 + 0 = 0. What is the units digit of i?
6
Let b = 2 - 0. Suppose b*t - 19 - 23 = 0. What is the units digit of t?
1
What is the tens digit of (-454)/(-4) - ((-49)/(-14) - 3)?
1
Let g be -2 - (-51 - (-6)/(-2)). Suppose 0 = a - 3*y - 24, -g = -4*a + 2*y - y. What is the tens digit of a?
1
Let k = -6 - -3. Let w(n) = -n - 1. What is the units digit of w(k)?
2
Let m(h) = 6*h**2 - 5*h - 1. Let x(n) = -n**2 - 1. Let f(w) = m(w) + 5*x(w). What is the units digit of f(7)?
8
Let y = -8 - -32. What is the units digit of y?
4
Let i = -26 - -18. Let u = -10 + 6. Let m = u - i. What is the units digit of m?
4
Suppose 5*u - 300 = -9*b + 4*b, 0 = -4*b + 2*u + 258. What is the tens digit of b?
6
Suppose p + 44 = 5*p. Let o(g) = g + 8. What is the units digit of o(p)?
9
Suppose 0 = -2*l + 3*u + 13, -4*u - 14 = -2*l - 0. Let p(y) = -y**2 + 4*